t**2 + 1/120*t**5. Let y(j) be the second derivative of q(j). Give y(5).
2
Let q(z) = -z**2 + 3 - 2 + z - 5*z. Let o be 1/((-1)/(-2 - 21/(-3))) + 1. Determine q(o).
1
Let c(h) = -h + 26. Let u be c(22). Let s(i) be the second derivative of i - 3/2*i**2 + 1/6*i**3 + 0. Calculate s(u).
1
Let m(s) be the third derivative of s**8/1120 + s**7/2520 + s**6/360 + s**5/120 + s**4/4 + 3*s**2. Let z(t) be the second derivative of m(t). Calculate z(-1).
-6
Let v(c) = c**2 + c - 2. Let j(r) = -4*r**2 - 22*r + 20. Let q(o) = -j(o) - 3*v(o). Give q(-20).
6
Let m(o) = -o**3 - 8*o**2 - 9*o - 1. Suppose -435*t = -444*t - 45. Calculate m(t).
-31
Let q(n) = 13*n - 3. Let c(t) = -t**3 - 8*t**2 + 5*t - 32. Let f be c(-9). Calculate q(f).
49
Let d(h) = h**3 - 4*h + 3. Let y be d(2). Let o(w) = 13*w + 17. Let s(n) = -5*n - 6. Let t(l) = -3*o(l) - 8*s(l). Calculate t(y).
0
Suppose 0 = 7*s - 20*s. Let t(x) be the second derivative of -1/3*x**3 + 0 + 1/12*x**4 + s*x**2 - 9*x. Give t(2).
0
Let w = -26 + 34. Suppose -2*i + w = 0, 3*j - 2*i - i + 27 = 0. Let b be -4*j/(-30)*3. Let g(d) = d**3 + 2*d**2 - 2*d - 1. Determine g(b).
3
Let v(t) = -2*t + 20. Let a be v(10). Suppose z + a = 2. Let r(i) = 2 - i**3 - 6*i**2 - 3*i**2 + 3*i**z - 4*i. Determine r(-4).
-14
Let p(d) = 32*d**2 - 23*d**2 - 4*d + 4 - 10*d**2. Calculate p(-4).
4
Let n(z) = 4*z + 5*z**2 + 3*z - 5*z + z**3. Let g be 16/6*78/(-52). Calculate n(g).
8
Let d(x) = 68*x**2 - 7*x**3 - 5*x**3 - 69*x**2. Determine d(-1).
11
Let l be 2 + 6*(2 - 1). Let a = l - -4. Suppose -7*g + 20 = -a*g. Let h(d) = d**2 + 4*d + 2. Determine h(g).
2
Let u(o) = -o**3 - 16*o**2 + 17*o - 7. Let b be 2/64*-8 - 134/8. Give u(b).
-7
Let a(i) = 2*i - 5. Let h(d) = 2*d**2 + d - 4. Let q be h(2). Let w = q + -2. Calculate a(w).
3
Let c(h) = 13*h + 19. Let u(l) = -8*l - 10. Let w(r) = -3*c(r) - 5*u(r). What is w(13)?
6
Let i(d) = 3*d**3 - 3*d**2 - 10*d + 3. Let p(j) = 5*j**3 - 5*j**2 - 18*j + 7. Let z(l) = -7*i(l) + 4*p(l). Calculate z(0).
7
Let t(w) be the second derivative of -w**5/60 + 5*w**4/12 - w**3/2 - 11*w**2/2 - 8*w. Let y(j) be the first derivative of t(j). Determine y(10).
-3
Let y(z) = z**2 + z + 10. Suppose w - 1 - 4 = 3*a, 3*w = 15. What is y(a)?
10
Let k(j) = 8*j**2 - 20*j + 10. Let x(b) = -3*b**2 + 7*b - 3. Let p(m) = -4*k(m) - 11*x(m). Suppose -5*h = -4*s - 34, -3*s - 3*h = -8 + 20. Calculate p(s).
11
Let i(l) = l**2 + l - 3. Let m be ((-55)/3)/((-1)/3). Suppose -3*z + 6*z = -5*x - 5, -m = 4*z - 3*x. Let j = 7 + z. Determine i(j).
3
Let f(z) = z - 31. Let h be f(34). Let l(j) be the first derivative of -2*j**3/3 + 2*j**2 - 3. Give l(h).
-6
Let r(u) be the first derivative of 7/2*u**2 - 8 + u. What is r(-1)?
-6
Let l(s) be the second derivative of -s**6/360 + s**4/24 + 3*s**3/2 - 12*s. Let n(r) be the second derivative of l(r). Give n(0).
1
Let h(p) = 6*p + 8. Let q(o) = -4*o - 5. Let b(z) = 5*h(z) + 8*q(z). Determine b(-13).
26
Let q(k) = -4*k + k + 3 - k**3 + 0*k**3 - 164*k**2 + 169*k**2. Give q(3).
12
Let t(b) = 18*b - 35. Let k(z) = 3*z - 7. Let f(u) = -11*k(u) + 2*t(u). Determine f(-3).
-2
Let d(r) = -r - 4. Suppose -44*y - 16 = -42*y. Give d(y).
4
Let j(v) be the first derivative of v**3/3 - 3*v**2/2 + 7*v + 5. Let n(a) be the first derivative of j(a). Determine n(2).
1
Let o = 25 - 3. Suppose 5*s - 20 = -2*n, -5*n + o = -3*s + 3. Let q(z) = z**2 + 0*z**s + 9*z + 8 + 1. What is q(-6)?
-9
Let a(v) be the second derivative of -v**6/180 + v**5/120 + 5*v**4/3 + 5*v. Let s(b) be the third derivative of a(b). Let o = -4 - -3. Calculate s(o).
5
Let x(g) = -34*g + 18*g - 3 + 17*g. Suppose -3*y = -5*y. Let c = -3 + y. What is x(c)?
-6
Let q(r) = -r**2 - 12*r - 14. Suppose -4*k + 114 = 2*j, 2*k - 3*k = 4. Let i = j - 75. Calculate q(i).
6
Let p = 34 + -34. Suppose 5*v - 2*v + 15 = p. Let c(z) be the third derivative of -z**4/24 - z**3/3 - z**2. Calculate c(v).
3
Let v(g) be the third derivative of 0*g + 1/6*g**4 - 2/3*g**3 - g**2 + 1/60*g**5 + 0. Suppose -3*b = -0 + 9. Give v(b).
-7
Suppose j = -5*a - 22, -7*j + 3*j + 4 = -3*a. Let t be j/(-5) + (-3)/(-5). Let v(s) = -8*s**2 + 2*s - 1. Give v(t).
-7
Let i(v) be the third derivative of -1/30*v**6 + 0 + 1/3*v**3 - 1/24*v**4 + 0*v - 1/15*v**5 + 4*v**2. Determine i(-2).
20
Let f(d) = -d**3 - 7*d**2 + 2*d + 9. Let a = 91 + 23. Let p = 107 - a. Give f(p).
-5
Let z(p) be the first derivative of -3*p + 1/2*p**2 + 40. Determine z(6).
3
Suppose 7*n - 15*n = -40. Let g(t) = -3*t + n*t - 3*t. Let b = -3 + 2. Give g(b).
1
Let l(i) be the first derivative of -5*i**2 + 86. Determine l(3).
-30
Let c(i) be the third derivative of i**6/720 + i**5/10 + 59*i**4/24 - 22*i**2. Let v(g) be the second derivative of c(g). Let j = 0 + 0. What is v(j)?
12
Let f be ((3/2)/1)/((-12)/(-16)). Let k(w) = -9 + 4 - w + f. Calculate k(-6).
3
Let v(z) = -z**2 - 9*z - 1. Suppose -52*p - 358 = 58. What is v(p)?
7
Suppose 4*o - 9*o = -1525. Let s(x) = 0*x - 4*x - x**2 - 307 + o. Let d = -9 - -6. Give s(d).
1
Let r(a) be the second derivative of a**3/3 - 2*a**2 - 7*a. Let z be 12/28 - (-59)/(-7). Let q be (z/6)/((-4)/12). What is r(q)?
4
Suppose 0 = p + 3*b + 11, 2*b + 1 = 2*p - 17. Let m be (-94)/(-18) + 2/(-9). Let q(x) = -m*x**2 + 4*x - 3 + 2*x + x**3 + 0*x**2 + 0*x**2. Give q(p).
5
Let j(f) be the second derivative of 0 + 2/3*f**3 + 2*f + 3/2*f**2. Calculate j(-2).
-5
Let c be 28*7/(-28) + (-4)/(-1). Let z(r) = 6*r**2 - 4*r - 5. Determine z(c).
61
Let y(t) be the first derivative of -t**2 + 7*t + 5. Suppose 2*d = 2*c - 6, 3*d + 4*c = c + 9. Suppose -15 = -3*h - d. Calculate y(h).
-3
Let a(m) be the third derivative of -m**9/60480 - m**8/20160 + m**7/5040 + m**6/48 - m**5/60 + 12*m**2. Let c(v) be the third derivative of a(v). Give c(0).
15
Let n(q) = q**2 - 8*q - 3. Suppose c - 53 = 4*g, 13 + 25 = c - g. Suppose 5 + 10 = 5*t + 5*w, -3*t + 3*w = -c. Give n(t).
-10
Let z(b) = -b + 11. Let o(t) = 3*t - 63. Let w be o(29). Suppose 4*g - w = g. Determine z(g).
3
Let v(h) = 5*h**2 - h. Let y(a) = a**2 - 3*a + 2. Let r be y(3). Suppose -5*p - 4 = 4*x, 3*x = 5*x - p + r. Give v(x).
6
Suppose 472 = 5*n + 3*z, -3*n + z = -z - 287. Let g = n - 92. Let l(s) = -6*s + 3. Give l(g).
-15
Let c be -2*((-45)/(-60))/((-6)/52). Let x(a) = -4 - 14*a + 0 + c*a. Give x(-7).
3
Let i(q) be the third derivative of q**4/24 - q**3 + 28*q**2 - 4. What is i(15)?
9
Let d = -9 - -12. Let i(o) = o**2 - o**2 + 0*o**2 + 6*o**d - o - o**2. Let c be i(-1). Let g(p) = p**2 + 5*p - 2. Give g(c).
4
Let z(y) be the third derivative of -y**6/120 - y**5/12 - y**4/8 - 17*y**3/6 + 5*y**2 + 10*y. Give z(-5).
-2
Let u(r) = 9*r**3 - 6*r**2 + 3*r - 7. Let b(h) = 11*h**3 - 7*h**2 + 3*h - 8. Let y(m) = 5*b(m) - 6*u(m). Give y(3).
29
Let a = 1214 - 1203. Let i(p) = p**2 - 10*p - 23. Determine i(a).
-12
Let k(m) = -9*m**3 - 6*m**2 + 7*m + 1. Let g(o) = 16*o**3 + 12*o**2 - 13*o - 1. Let p(s) = 4*g(s) + 7*k(s). What is p(-6)?
21
Suppose -15*y = -5*y - 70. Let g(l) be the third derivative of -l**6/120 + l**5/10 + l**4/4 + 4*l**3/3 + l**2. What is g(y)?
1
Let b = -580 + 581. Let r(a) = 13*a**3 + a**2 - 3*a + 1. Determine r(b).
12
Let p(v) = -v**3 + 4*v**2 + 2*v + 4. Let c be -23 - -31 - (-1)/(-1). Suppose 0 = -l + r + 1, 4*l + 0*l - 3*r = c. Give p(l).
12
Let k(g) = -2*g. Let r(a) = 6*a - 6. Let j(h) = k(h) + r(h). Give j(5).
14
Let a(q) be the third derivative of q**4/24 - 3*q**3/2 - 83*q**2. Give a(8).
-1
Let i(n) = -n**2 + 4*n + 4. Suppose v - 30 = -2*q + 2*v, 0 = -2*q - 3*v + 38. Suppose 5*r = r + q. What is i(r)?
4
Let w(r) = -11*r - 22*r - 10*r - 2*r**2 - 15*r + 5 + 49*r. What is w(-5)?
0
Let x = -65 - -61. Let l(f) = -2*f**2 - 5*f + 5. Let g be l(x). Let a(i) = i + 3. Give a(g).
-4
Let m(k) = 0*k**3 - 26 - k**3 + 6*k - 7*k**2 + 15. Give m(-8).
5
Let f = -30 - -35. Suppose -f*w + 2 = 12. Let c(d) be the third derivative of d**6/120 + d**5/30 + d**3/6 + 2*d**2. Calculate c(w).
1
Let j(d) = -5 + 5*d + 11 - 18*d**2 - 5 + 19*d**2. Suppose 6 - 3 = -w. Give j(w).
-5
Let y(c) = -3*c + 2. Let g = -110 + 5. Let s = g - -102. Give y(s).
11
Let a(j) = j**2 - 1. Let s(f) = -4*f**2 + 11*f - 2. Let d(i) = -5*a(i) - s(i). What is d(-9)?
25
Let u(c) be the first derivative of -c**4/4 + c**3/3 + 5*c**2/2 - 2*c + 26. Give u(3).
-5
Let h(w) = 5*w - 7. Let z be h(2). Let s(l) = 3*l**